8
12114
-1110001011 (base 2) to base 13
-54a
Convert 14450 (base 11) to base 6.
234532
What is 266b (base 12) in base 5?
120103
-384 (base 14) to base 16
-2c0
Convert 247 (base 16) to base 8.
1107
What is 33143 (base 6) in base 16?
11f7
What is 3020131 (base 4) in base 15?
3c04
1191 (base 11) to base 4
120100
-318 (base 15) to base 11
-585
Convert 5243 (base 7) to base 16.
734
What is 1908 (base 13) in base 5?
104401
What is 11011001120 (base 3) in base 7?
460110
What is -133c (base 15) in base 12?
-2463
-139 (base 12) to base 10
-189
What is -423 (base 14) in base 13?
-4a9
What is -417 (base 9) in base 15?
-17a
What is 2a (base 12) in base 6?
54
123000 (base 4) to base 11
1331
Convert -133 (base 7) to base 12.
-61
Convert -2111121001 (base 3) to base 14.
-13d5a
What is 371 (base 8) in base 15?
119
-2412 (base 7) to base 12
-623
Convert -2cad (base 15) to base 16.
-258d
Convert -475b (base 16) to base 13.
-8412
Convert 55a (base 13) to base 14.
49a
Convert 1010110110 (base 2) to base 14.
378
-402 (base 6) to base 11
-123
What is 4552 (base 11) in base 9?
8181
What is 1315 (base 7) in base 8?
766
-16a4 (base 16) to base 3
-21221200
What is d42 (base 14) in base 13?
1256
What is 232131 (base 4) in base 2?
101110011101
What is -3622 (base 8) in base 16?
-792
-379 (base 11) to base 4
-13001
What is 34471 (base 9) in base 13?
a603
Convert 100010 (base 4) to base 11.
855
2508 (base 14) to base 6
45552
Convert 223222 (base 4) to base 13.
136c
What is -401 (base 7) in base 11?
-16a
920 (base 12) to base 7
3564
102 (base 5) to base 16
1b
What is 435434 (base 6) in base 16?
8d8e
Convert 387 (base 16) to base 14.
487
What is 4422 (base 5) in base 11?
507
What is -bc (base 15) in base 5?
-1202
What is -103133 (base 4) in base 6?
-5435
-1852 (base 12) to base 7
-11402
What is -a60 (base 13) in base 11?
-1368
232 (base 15) to base 11
412
What is -23755 (base 9) in base 16?
-3e36
What is -55624 (base 8) in base 12?
-11698
Convert 640 (base 16) to base 4.
121000
What is -214132 (base 6) in base 2?
-100010101101000
22104 (base 5) to base 13
908
Convert -12710 (base 12) to base 11.
-17a40
Convert 31022 (base 5) to base 4.
133130
What is -2625 (base 13) in base 12?
-3193
152 (base 9) to base 12
a8
Convert 1110230 (base 5) to base 2.
100101111110000
Convert 13355 (base 6) to base 2.
100000100111
What is -10135 (base 11) in base 3?
-202022011
Convert 3100 (base 5) to base 10.
400
What is 2202210210 (base 3) in base 4?
31110012
What is 7646 (base 11) in base 14?
396d
b628 (base 12) to base 5
1114104
Convert d5b (base 14) to base 2.
101001000101
What is 42555 (base 8) in base 11?
12398
Convert -10000010100111 (base 2) to base 10.
-8359
22131000 (base 4) to base 5
2332231
1100110001000000 (base 2) to base 3
2122201121
What is -240 (base 8) in base 13?
-c4
Convert 5466 (base 7) to base 13.
b79
Convert 134340 (base 5) to base 11.
4227
-4741 (base 12) to base 14
-2c93
131a (base 11) to base 4
122303
What is -1a78a (base 13) in base 3?
-2122002120
Convert 133a (base 14) to base 8.
6470
-1001220 (base 3) to base 7
-2163
Convert -3611 (base 16) to base 9.
-20878
Convert 3263 (base 14) to base 16.
2207
-22220112 (base 3) to base 13
-2c57
Convert 1051214 (base 6) to base 16.
d0ba
What is -1e6 (base 15) in base 6?
-2013
Convert 1001101001111 (base 2) to base 4.
1031033
What is 23225 (base 8) in base 16?
2695
Convert 1003223 (base 4) to base 10.
4331
395 (base 16) to base 12
645
What is -46533 (base 7) in base 2?
-10111010011011
What is 1886 (base 9) in base 2?
10110101111
Convert -25250 (base 7) to base 3.
-100010022
Convert -10010110001110 (base 2) to base 6.
-112302
-34465 (base 9) to base 10
-22982
Convert -745 (base 13) to base 5.
-14430
Convert 20201 (base 4) to base 8.
1041
1748 (base 11) to base 5
32410
Convert -b466 (base 13) to base 16.
-615f
What is 133 (base 4) in base 14?
23
What is -1360 (base 7) in base 16?
-214
What is -11142 (base 11) in base 13?
-7466
Convert -1b75 (base 12) to base 9.
-4588
Convert 1123 (base 4) to base 15.
61
What is 3004 (base 5) in base 14?
1d1
-49d (base 14) to base 11
-76a
-301 (base 12) to base 10
-433
What is 16500 (base 8) in base 6?
54400
Convert b5 (base 14) to base 12.
113
Convert 330 (base 13) to base 12.
396
What is 1211123 (base 4) in base 7?
24632
What is 50783 (base 9) in base 15?
9d9c
What is 3202 (base 6) in base 3?
222202
Convert -1354 (base 6) to base 3.
-111021
What is 3581 (base 10) in base 3?
11220122
Convert 333 (base 10) to base 5.
2313
What is -272 (base 10) in base 5?
-2042
What is -14331 (base 5) in base 9?
-1601
Convert -10301 (base 4) to base 13.
-1a6
-11201022 (base 3) to base 5
-102222
2130 (base 16) to base 10
8496
What is 10022101 (base 3) in base 11?
18a4
Convert -22214 (base 5) to base 6.
-11115
3128 (base 11) to base 9
5614
-262 (base 7) to base 6
-354
Convert -11022000010 (base 3) to base 6.
-1451303
-22413 (base 7) to base 11
-4307
1134 (base 6) to base 11
22a
-810 (base 15) to base 14
-939
-141c (base 14) to base 10
-3554
Convert -11111110110 (base 2) to base 13.
-c0a
Convert 1818 (base 9) to base 7.
4031
Convert -252 (base 14) to base 13.
-299
What is 112000201 (base 3) in base 8?
23761
Convert -5613 (base 7) to base 3.
-2202210
-3410 (base 16) to base 8
-32020
Convert -e4e (base 16) to base 4.
-321032
1245 (base 8) to base 10
677
What is e957 (base 15) in base 8?
140315
What is -b4c (base 13) in base 10?
-1923
Convert -1501 (base 8) to base 6.
-3505
-3b38 (base 12) to base 7
-25601
What is 1101110 (base 2) in base 15?
75
Convert 1550 (base 6) to base 10.
426
-33340 (base 6) to base 2
-1001000111100
What is 101001 (base 4) in base 15?
4c9
110101010010101 (base 2) to base 3
1101102120
Convert 37550 (base 9) to base 3.
1021121200
Convert 2b4c (base 14) to base 5.
221322
438 (base 9) to base 16
167
What is -3038 (base 12) in base 8?
-12154
Convert 3294 (base 12) to base 11.
4217
Convert -61666 (base 10) to base 8.
-170342
What is 140323 (base 5) in base 15?
1a5d
Convert -4223 (base 6) to base 11.
-795
10313 (base 6) to base 7
4056
Convert -17141 (base 8) to base 12.
-4601
Convert 801a (base 15) to base 14.
9bc5
What is 100001 (base 2) in base 7?
45
What is -1102132 (base 5) in base 9?
-28107
What is -44544 (base 10) in base 8?
-127000
Convert -33125 (base 6) to base 10.
-4589
11316 (base 9) to base 12
4450
-32 (base 14) to base 5
-134
Convert 210110 (base 3) to base 9.
713
What is 142a6 (base 13) in base 6?
451035
Convert 1111001111 (base 2) to base 16.
3cf
-595 (base 10) to base 2
-1001010011
790 (base 16) to base 10
1936
Convert 111100101101 (base 2) to base 3.
12022220
Convert 20102 (base 3) to base 13.
104
Convert -1011101111 (base 2) to base 8.
-1357
2a5d (base 16) to base 14
3d49
-112202 (base 4) to base 15
-662
What is -729 (base 14) in base 7?
-4052
What is -567 (base 12) in base 5?
-11144
Convert 3675 (base 9) to base 2.
101010110101
6a5 (base 12) to base 4
33131
Convert a4cc (base 13) to base 15.
6b5e
What is 304b (base 15) in base 4?
2133110
What is 2322 (base 7) in base 5?
11344
What is 2030310 (base 4) in base 13?
4143
Convert -2112 (base 3) to base 7.
-125
Convert -30123 (base 4) to base 7.
-2214
Convert -670 (base 13) to base 8.
-2121
What is 5080 (base 11) in base 6?
51115
Convert 1100404 (base 5) to base 2.
100100110100110
-30452 (base 6) to base 14
-16a4
Convert -211a (base 13) to base 12.
-27a2
Convert -1330442 (base 6) to base 13.
-27917
What is 1100002 (base 3) in base 13?
59c
What is -4458 (base 13) in base 7?
-36543
1165 (base 15) to base 8
7157
Convert -3c (base 14) to base 11.
-4a
122210112 (base 3) to base 7
52553
What is -358 (base 9) in base 13?
-19a
Convert 5061 (base 16) to base 5.
1124302
What is 5421 (base 6) in base 12?
871
-1131010 (base 4) to base 11
-4525
What is -10b7a (base 12) in base 2?
-101011110001110
What is -19d (base 15) in base 16?
-175
Convert -58c9 (base 13) to base 3.
-122011001
-ac4 (base 13) to base 15
-835
Convert 142313 (base 5) to base 3.
22011200
Convert 2211032 (base 4) to base 7.
42554
What is 8a5a (base 15) in base 10?
29335
Convert 1621 (base 9) to base 3.
1200201
Convert -171a (base 14) to base 10.
-4140
Convert 5c1 (base 15) to base 4.
110122
10010011000 (base 2) to base 10
1176
What is 205 (base 12) in base 6?
1205
What is 585 (base 15) i